-120441
Convert 580a7 (base 15) to base 11.
181642
4aa8a9 (base 15) to base 3
20201212002120
24736 (base 14) to base 15
1b688
-17609 (base 12) to base 10
-33705
What is 43422055 (base 6) in base 3?
2102201212022
-316141 (base 7) to base 16
-d6ae
612f8 (base 16) to base 8
1411370
59b462 (base 13) to base 7
24114340
Convert -1010110100111111110010 (base 2) to base 14.
-53c630
Convert -1020111120102 (base 3) to base 12.
-279748
What is -3c7e53 (base 15) in base 11?
-170a208
What is 24014233 (base 6) in base 14?
156c21
-13334223 (base 5) to base 16
-2166d
Convert 510572 (base 9) to base 6.
10251232
-4664734 (base 8) to base 14
-251936
Convert 13db22 (base 16) to base 15.
1aa872
71186 (base 14) to base 12
111482
-200100202121 (base 3) to base 9
-610677
Convert -2003103 (base 6) to base 14.
-26383
Convert 1064224 (base 8) to base 11.
188081
Convert -101021203333 (base 4) to base 2.
-10001001001100011111111
Convert -110000111110010110001 (base 2) to base 7.
-16432450
-22c2b2 (base 14) to base 10
-1185956
What is 43342222 (base 5) in base 16?
5ab6a
-7908101 (base 10) to base 14
-109bd65
Convert -244334155 (base 6) to base 13.
-c8458a
Convert -32df (base 16) to base 5.
-404043
Convert -11102130 (base 5) to base 16.
-17b8d
What is 7845533 (base 9) in base 16?
406f53
What is -2413001441 (base 5) in base 2?
-10101010101101110001100
What is -2210668 (base 9) in base 14?
-22cd97
Convert 3514583 (base 9) to base 8.
7176005
Convert -11527176 (base 8) to base 5.
-1122110123
What is 11100110011001110010100 (base 2) in base 4?
130303032110
Convert -33064057 (base 8) to base 3.
-111100221121211
Convert -1873a81 (base 11) to base 4.
-30011120010
What is 409898 (base 12) in base 11?
631495
Convert -aa738b (base 12) to base 8.
-12251533
What is -209e5 (base 15) in base 6?
-2115042
Convert -49d (base 16) to base 4.
-102131
Convert 1103344 (base 5) to base 6.
225000
Convert -11101010011101110011001 (base 2) to base 8.
-35235631
Convert 9335864 (base 10) to base 8.
43472070
11212212110001 (base 3) to base 4
21321223231
Convert 110001110001011110001 (base 2) to base 9.
3055228
Convert 188ca5 (base 14) to base 5.
210311401
What is -361748 (base 10) in base 9?
-611202
-3afb (base 16) to base 6
-153523
Convert 539713 (base 11) to base 9.
1553417
What is 203023130 (base 6) in base 15?
492b99
Convert 18a54b (base 16) to base 12.
65a863
76656b (base 15) to base 14
a6b9bd
-5b07b4 (base 13) to base 10
-2171966
10010222020 (base 3) to base 13
2226c
Convert -3300123 (base 5) to base 10.
-56288
Convert -174628 (base 16) to base 9.
-2774264
Convert 1100233 (base 5) to base 15.
5898
What is 1650300 (base 7) in base 3?
102201101100
What is 2242114201 (base 5) in base 8?
23153037
-2000113003 (base 4) to base 5
-113311023
-1090c (base 16) to base 5
-4132402
What is 2b098 (base 13) in base 4?
103320012
-353016 (base 7) to base 2
-1111011111101100
-a4c8 (base 16) to base 14
-11532
-515748 (base 11) to base 2
-11001010000000111010
Convert 101100111101101011111111 (base 2) to base 5.
11004141012
Convert 185cee (base 15) to base 5.
300343144
477b92 (base 14) to base 8
11240744
2227387 (base 9) to base 2
100100100110110100111
Convert -670b88 (base 12) to base 15.
-225d22
What is -235553353 (base 6) in base 5?
-2121302334
What is 1694185 (base 10) in base 4?
12131213221
Convert -7dca12 (base 15) to base 10.
-6016517
-10021102200 (base 3) to base 12
-31383
-110042001 (base 5) to base 4
-1303013031
Convert 11010221020012 (base 3) to base 7.
24504224
157588 (base 9) to base 7
554042
-100000201221201 (base 3) to base 15
-64b744
Convert 2c57342 (base 13) to base 7.
232163213
Convert -136531 (base 10) to base 8.
-412523
Convert b1740 (base 16) to base 9.
1327038
What is 399324 (base 11) in base 14?
124866
Convert -361453 (base 10) to base 6.
-11425221
Convert 24240255 (base 6) to base 3.
1102222120222
-245130 (base 9) to base 5
-14214340
-15550045 (base 7) to base 11
-93a973
Convert 325 (base 14) to base 6.
2513
What is -2212021232 (base 4) in base 7?
-5533064
What is -79780 (base 10) in base 12?
-3a204
4216467 (base 8) to base 7
12350642
What is 105765 (base 13) in base 12?
165b60
Convert -125192 (base 11) to base 8.
-601132
What is 60905 (base 10) in base 7?
342365
Convert -3617506 (base 13) to base 11.
-9502839
Convert 310340544 (base 6) to base 15.
7096a4
What is -100221220210 (base 3) in base 10?
-196041
What is -401124 (base 10) in base 7?
-3260313
302144131 (base 5) to base 12
4a39a3
Convert 93395 (base 11) to base 3.
20220212112
-654460 (base 7) to base 14
-2d9d7
Convert b10b (base 15) to base 2.
1001000111110001
What is 554917 (base 10) in base 12?
229171
Convert 3532506 (base 7) to base 13.
1277b2
What is 289268 (base 16) in base 8?
12111150
What is -1746031 (base 8) in base 10?
-511001
a9aa7 (base 11) to base 5
20102331
Convert -10547 (base 16) to base 9.
-111668
What is 4084123 (base 10) in base 3?
21200111100211
What is -4727722 (base 9) in base 16?
-2707df
What is -4a535 (base 14) in base 16?
-2c773
-401232345 (base 6) to base 13
-1537490
-141465 (base 9) to base 5
-10231110
Convert 110202040 (base 5) to base 7.
4016425
What is 1222154 (base 8) in base 10?
337004
-37521 (base 12) to base 11
-51427
Convert -110101010110010011110111 (base 2) to base 9.
-28274745
Convert -101101110000010101 (base 2) to base 16.
-2dc15
40233254 (base 6) to base 7
12455302
Convert 75099 (base 12) to base 11.
a56a8
What is -2223320444 (base 5) in base 11?
-2848525
12031032 (base 4) to base 6
313410
Convert -71aa24 (base 13) to base 7.
-31351513
What is 277cd9 (base 15) in base 3?
10120111211120
1001000100011101001 (base 2) to base 13
a5370
651623 (base 7) to base 11
78303
-180346 (base 9) to base 6
-2221410
Convert -20100300 (base 4) to base 12.
-17700
67aa5 (base 15) to base 7
2542313
What is -7338b0 (base 12) in base 5?
-430414000
10234315 (base 6) to base 3
120021000102
What is 52f6 (base 16) in base 3?
1002010121
330b9a (base 14) to base 5
420343022
What is -14ea31 (base 15) in base 12?
-409391
What is -380a733 (base 11) in base 15?
-8aaa24
What is 66658 (base 11) in base 9?
156476
-10101011111001010 (base 2) to base 15
-1b125
4203382 (base 9) to base 15
2e58cb
Convert -1011003232 (base 6) to base 9.
-21518012
Convert -11100011110000000000 (base 2) to base 7.
-10633502
610910 (base 11) to base 5
222411142
Convert 201a775 (base 11) to base 13.
980b15
-16345730 (base 8) to base 3
-21010102210112
-1202122212201 (base 3) to base 10
-938134
Convert -1000111010100100110 (base 2) to base 7.
-2324463
648545 (base 9) to base 12
167a28
3346400 (base 11) to base 6
325412102
663811 (base 9) to base 12
171561
Convert -4014062 (base 8) to base 15.
-15c7d0
What is -46f167 (base 16) in base 7?
-54342603
Convert 33752c (base 13) to base 9.
2252715
27c99 (base 16) to base 11
101494
What is -5978a7 (base 12) in base 5?
-332203114
What is 2102210200210 (base 3) in base 10?
1295211
What is -1323020220 (base 5) in base 4?
-30230312123
What is -21493 (base 11) in base 6?
-400235
What is -208a64 (base 11) in base 15?
-68e8a
Convert 11786 (base 12) to base 14.
883c
135041443 (base 6) to base 10
2758275
-26be0e (base 15) to base 16
-1c6c85
Convert 5c775 (base 14) to base 4.
313102303
-1257940 (base 10) to base 16
-1331d4
Convert -34112 (base 13) to base 3.
-11210211202
bb9d6d (base 14) to base 11
3658946
What is -5a1a3 (base 12) in base 10?
-121227
Convert -38b76 (base 13) to base 9.
-170285
What is 52502041 (base 6) in base 7?
16011301
-15141315 (base 6) to base 16
-808af
Convert -30a9ba (base 13) to base 2.
-100010101101101110011
Convert -2103001 (base 4) to base 15.
-2bc4
-55708 (base 11) to base 15
-18db0
Convert 89889 (base 11) to base 12.
633b8
Convert -1001030031 (base 4) to base 2.
-1000001001100001101
What is 502311301 (base 6) in base 11?
48974a9
What is -40413010 (base 6) in base 14?
-22018a
What is 47843 (base 15) in base 11?
146322
Convert -42e17 (base 15) to base 7.
-1543210
What is a9f4 (base 16) in base 12?
21218
334245 (base 7) to base 9
100086
What is -560203 (base 15) in base 11?
-2351223
What is 2638267 (base 9) in base 6?
50532054
Convert -182824 (base 12) to base 14.
-acb80
16217 (base 15) to base 16
116b3
What is 385990 (base 12) in base 10?
922428
Convert 1345101 (base 6) to base 7.
435256
Convert 20